{"id":254,"date":"2021-07-24T11:58:37","date_gmt":"2021-07-24T11:58:37","guid":{"rendered":"https:\/\/sozialstationbretzfeld.de\/?page_id=254"},"modified":"2021-09-21T15:01:40","modified_gmt":"2021-09-21T15:01:40","slug":"wir-bieten-ihnen","status":"publish","type":"page","link":"https:\/\/sozialstationbretzfeld.de\/index.php\/wir-bieten-ihnen\/","title":{"rendered":"Wir bieten Ihnen&#8230;"},"content":{"rendered":"\t\t<div data-elementor-type=\"wp-page\" data-elementor-id=\"254\" class=\"elementor elementor-254\">\n\t\t\t\t\t\t<section class=\"elementor-section elementor-top-section elementor-element elementor-element-9e8c009 elementor-section-boxed elementor-section-height-default elementor-section-height-default\" data-id=\"9e8c009\" data-element_type=\"section\" data-e-type=\"section\">\n\t\t\t\t\t\t<div class=\"elementor-container elementor-column-gap-default\">\n\t\t\t\t\t<div class=\"elementor-column elementor-col-100 elementor-top-column elementor-element elementor-element-b804fc8\" data-id=\"b804fc8\" data-element_type=\"column\" data-e-type=\"column\">\n\t\t\t<div class=\"elementor-widget-wrap elementor-element-populated\">\n\t\t\t\t\t\t<div class=\"elementor-element elementor-element-5db6846 elementor-widget elementor-widget-heading\" data-id=\"5db6846\" data-element_type=\"widget\" data-e-type=\"widget\" data-widget_type=\"heading.default\">\n\t\t\t\t<div class=\"elementor-widget-container\">\n\t\t\t\t\t<h5 class=\"elementor-heading-title elementor-size-default\">Wir bieten Ihnen...<\/h5>\t\t\t\t<\/div>\n\t\t\t\t<\/div>\n\t\t\t\t\t<\/div>\n\t\t<\/div>\n\t\t\t\t\t<\/div>\n\t\t<\/section>\n\t\t\t\t<section class=\"elementor-section elementor-top-section elementor-element elementor-element-b8ad04c elementor-section-boxed elementor-section-height-default elementor-section-height-default\" data-id=\"b8ad04c\" data-element_type=\"section\" data-e-type=\"section\">\n\t\t\t\t\t\t<div class=\"elementor-container elementor-column-gap-default\">\n\t\t\t\t\t<div class=\"elementor-column elementor-col-100 elementor-top-column elementor-element elementor-element-266b2dd\" data-id=\"266b2dd\" data-element_type=\"column\" data-e-type=\"column\">\n\t\t\t<div class=\"elementor-widget-wrap elementor-element-populated\">\n\t\t\t\t\t\t<div class=\"elementor-element elementor-element-74639bd elementor-widget elementor-widget-spacer\" data-id=\"74639bd\" data-element_type=\"widget\" data-e-type=\"widget\" data-widget_type=\"spacer.default\">\n\t\t\t\t<div class=\"elementor-widget-container\">\n\t\t\t\t\t\t\t<div class=\"elementor-spacer\">\n\t\t\t<div class=\"elementor-spacer-inner\"><\/div>\n\t\t<\/div>\n\t\t\t\t\t\t<\/div>\n\t\t\t\t<\/div>\n\t\t\t\t\t<\/div>\n\t\t<\/div>\n\t\t\t\t\t<\/div>\n\t\t<\/section>\n\t\t\t\t<section class=\"elementor-section elementor-top-section elementor-element elementor-element-1ec4f5f elementor-section-boxed elementor-section-height-default elementor-section-height-default\" data-id=\"1ec4f5f\" data-element_type=\"section\" data-e-type=\"section\">\n\t\t\t\t\t\t<div class=\"elementor-container elementor-column-gap-default\">\n\t\t\t\t\t<div class=\"elementor-column elementor-col-100 elementor-top-column elementor-element elementor-element-0ceb049\" data-id=\"0ceb049\" data-element_type=\"column\" data-e-type=\"column\">\n\t\t\t<div class=\"elementor-widget-wrap elementor-element-populated\">\n\t\t\t\t\t\t<section class=\"elementor-section elementor-inner-section elementor-element elementor-element-204716b elementor-section-content-middle elementor-section-boxed elementor-section-height-default elementor-section-height-default\" data-id=\"204716b\" data-element_type=\"section\" data-e-type=\"section\">\n\t\t\t\t\t\t\t<div class=\"elementor-background-overlay\"><\/div>\n\t\t\t\t\t\t\t<div class=\"elementor-container elementor-column-gap-no\">\n\t\t\t\t\t<div class=\"elementor-column elementor-col-50 elementor-inner-column elementor-element elementor-element-1e19f09\" data-id=\"1e19f09\" data-element_type=\"column\" data-e-type=\"column\" data-settings=\"{&quot;background_background&quot;:&quot;classic&quot;}\">\n\t\t\t<div class=\"elementor-widget-wrap elementor-element-populated\">\n\t\t\t\t\t\t<div class=\"elementor-element elementor-element-303f661 elementor-position-top elementor-widget elementor-widget-image-box\" data-id=\"303f661\" data-element_type=\"widget\" data-e-type=\"widget\" data-widget_type=\"image-box.default\">\n\t\t\t\t<div class=\"elementor-widget-container\">\n\t\t\t\t\t<div class=\"elementor-image-box-wrapper\"><figure class=\"elementor-image-box-img\"><img decoding=\"async\" src=\"https:\/\/sozialstationbretzfeld.de\/wp-content\/uploads\/2021\/08\/258.svg\" title=\"258\" alt=\"258\" class=\"elementor-animation-grow\" loading=\"lazy\" \/><\/figure><div class=\"elementor-image-box-content\"><h3 class=\"elementor-image-box-title\">Kranken-und Altenpflege<\/h3><p class=\"elementor-image-box-description\">                                              <\/p><\/div><\/div>\t\t\t\t<\/div>\n\t\t\t\t<\/div>\n\t\t\t\t<div class=\"elementor-element elementor-element-8bb0f74 elementor-widget elementor-widget-text-editor\" data-id=\"8bb0f74\" data-element_type=\"widget\" data-e-type=\"widget\" data-widget_type=\"text-editor.default\">\n\t\t\t\t<div class=\"elementor-widget-container\">\n\t\t\t\t\t\t\t\t\t<ul><li>grundpflegerische Versorgung, aktiverende Pflege<\/li><li>Pflegebegutachtungen<\/li><li>Pflegekurse<\/li><li>24-Stunden-Pflegenotruf<br \/><br \/><\/li><\/ul>\t\t\t\t\t\t\t\t<\/div>\n\t\t\t\t<\/div>\n\t\t\t\t\t<\/div>\n\t\t<\/div>\n\t\t\t\t<div class=\"elementor-column elementor-col-50 elementor-inner-column elementor-element elementor-element-2a15d72\" data-id=\"2a15d72\" data-element_type=\"column\" data-e-type=\"column\" data-settings=\"{&quot;background_background&quot;:&quot;gradient&quot;}\">\n\t\t\t<div class=\"elementor-widget-wrap elementor-element-populated\">\n\t\t\t\t\t\t<div class=\"elementor-element elementor-element-2fd00b1 elementor-widget elementor-widget-spacer\" data-id=\"2fd00b1\" data-element_type=\"widget\" data-e-type=\"widget\" data-widget_type=\"spacer.default\">\n\t\t\t\t<div class=\"elementor-widget-container\">\n\t\t\t\t\t\t\t<div class=\"elementor-spacer\">\n\t\t\t<div class=\"elementor-spacer-inner\"><\/div>\n\t\t<\/div>\n\t\t\t\t\t\t<\/div>\n\t\t\t\t<\/div>\n\t\t\t\t<div class=\"elementor-element elementor-element-1953ca3 elementor-position-top elementor-widget elementor-widget-image-box\" data-id=\"1953ca3\" data-element_type=\"widget\" data-e-type=\"widget\" data-widget_type=\"image-box.default\">\n\t\t\t\t<div class=\"elementor-widget-container\">\n\t\t\t\t\t<div class=\"elementor-image-box-wrapper\"><figure class=\"elementor-image-box-img\"><img decoding=\"async\" src=\"https:\/\/sozialstationbretzfeld.de\/wp-content\/uploads\/2021\/08\/995053.svg\" class=\"elementor-animation-grow attachment-full size-full wp-image-397\" alt=\"\" \/><\/figure><div class=\"elementor-image-box-content\"><h3 class=\"elementor-image-box-title\">Hauswirtschaftliche Versorgung und Betreuung<\/h3><\/div><\/div>\t\t\t\t<\/div>\n\t\t\t\t<\/div>\n\t\t\t\t<div class=\"elementor-element elementor-element-4a5e54f elementor-widget elementor-widget-text-editor\" data-id=\"4a5e54f\" data-element_type=\"widget\" data-e-type=\"widget\" data-widget_type=\"text-editor.default\">\n\t\t\t\t<div class=\"elementor-widget-container\">\n\t\t\t\t\t\t\t\t\t<ul><li>\u00dcbernahme von Arbeiten im Haushalt (Einkaufen, Kochen, Hausarbeiten)<br \/><br \/><\/li><li>pers\u00f6nliche Betreuung<\/li><\/ul><p>\u00a0<\/p><p>\u00a0<\/p><p>\u00a0<\/p>\t\t\t\t\t\t\t\t<\/div>\n\t\t\t\t<\/div>\n\t\t\t\t\t<\/div>\n\t\t<\/div>\n\t\t\t\t\t<\/div>\n\t\t<\/section>\n\t\t\t\t\t<\/div>\n\t\t<\/div>\n\t\t\t\t\t<\/div>\n\t\t<\/section>\n\t\t\t\t<section class=\"elementor-section elementor-top-section elementor-element elementor-element-ec089d5 elementor-section-boxed elementor-section-height-default elementor-section-height-default\" data-id=\"ec089d5\" data-element_type=\"section\" data-e-type=\"section\">\n\t\t\t\t\t\t<div class=\"elementor-container elementor-column-gap-default\">\n\t\t\t\t\t<div class=\"elementor-column elementor-col-100 elementor-top-column elementor-element elementor-element-9918f80\" data-id=\"9918f80\" data-element_type=\"column\" data-e-type=\"column\">\n\t\t\t<div class=\"elementor-widget-wrap elementor-element-populated\">\n\t\t\t\t\t\t<section class=\"elementor-section elementor-inner-section elementor-element elementor-element-51b2f8a elementor-section-content-middle elementor-section-boxed elementor-section-height-default elementor-section-height-default\" data-id=\"51b2f8a\" data-element_type=\"section\" data-e-type=\"section\" data-settings=\"{&quot;background_background&quot;:&quot;classic&quot;}\">\n\t\t\t\t\t\t<div class=\"elementor-container elementor-column-gap-no\">\n\t\t\t\t\t<div class=\"elementor-column elementor-col-50 elementor-inner-column elementor-element elementor-element-0cdf3f8\" data-id=\"0cdf3f8\" data-element_type=\"column\" data-e-type=\"column\">\n\t\t\t<div class=\"elementor-widget-wrap elementor-element-populated\">\n\t\t\t\t\t\t<div class=\"elementor-element elementor-element-566a4a1 elementor-position-top elementor-widget elementor-widget-image-box\" data-id=\"566a4a1\" data-element_type=\"widget\" data-e-type=\"widget\" data-widget_type=\"image-box.default\">\n\t\t\t\t<div class=\"elementor-widget-container\">\n\t\t\t\t\t<div class=\"elementor-image-box-wrapper\"><figure class=\"elementor-image-box-img\"><img decoding=\"async\" src=\"https:\/\/sozialstationbretzfeld.de\/wp-content\/uploads\/2021\/08\/2648863.svg\" title=\"2648863\" alt=\"2648863\" class=\"elementor-animation-grow\" loading=\"lazy\" \/><\/figure><div class=\"elementor-image-box-content\"><h3 class=\"elementor-image-box-title\">Pflegefachkr\u00e4fte<\/h3><p class=\"elementor-image-box-description\">                                              <\/p><\/div><\/div>\t\t\t\t<\/div>\n\t\t\t\t<\/div>\n\t\t\t\t<div class=\"elementor-element elementor-element-341caed elementor-widget elementor-widget-text-editor\" data-id=\"341caed\" data-element_type=\"widget\" data-e-type=\"widget\" data-widget_type=\"text-editor.default\">\n\t\t\t\t<div class=\"elementor-widget-container\">\n\t\t\t\t\t\t\t\t\t<p>die fachlich abgestimmte und patientenorientierte Pflege in gewohnter h\u00e4uslicher Umgebung leisten. Unser Leistungsangebot beinhaltet die Behandlungspflege nach \u00e4rztlicher Verordnung sowie die Krankenhausvermeidungs- und Krankenhausanschlusspflege.\u00a0<\/p>\t\t\t\t\t\t\t\t<\/div>\n\t\t\t\t<\/div>\n\t\t\t\t\t<\/div>\n\t\t<\/div>\n\t\t\t\t<div class=\"elementor-column elementor-col-50 elementor-inner-column elementor-element elementor-element-1447aae\" data-id=\"1447aae\" data-element_type=\"column\" data-e-type=\"column\">\n\t\t\t<div class=\"elementor-widget-wrap elementor-element-populated\">\n\t\t\t\t\t\t<div class=\"elementor-element elementor-element-38cdae3 elementor-position-top elementor-widget elementor-widget-image-box\" data-id=\"38cdae3\" data-element_type=\"widget\" data-e-type=\"widget\" data-widget_type=\"image-box.default\">\n\t\t\t\t<div class=\"elementor-widget-container\">\n\t\t\t\t\t<div class=\"elementor-image-box-wrapper\"><figure class=\"elementor-image-box-img\"><img decoding=\"async\" src=\"https:\/\/sozialstationbretzfeld.de\/wp-content\/uploads\/2021\/08\/png-clipart-plus-plus.svg\" class=\"elementor-animation-grow attachment-full size-full wp-image-400\" alt=\"\" \/><\/figure><div class=\"elementor-image-box-content\"><h3 class=\"elementor-image-box-title\">\"Pflege Plus\" Zusatzleistungen<\/h3><\/div><\/div>\t\t\t\t<\/div>\n\t\t\t\t<\/div>\n\t\t\t\t<div class=\"elementor-element elementor-element-d6fd47f elementor-widget elementor-widget-text-editor\" data-id=\"d6fd47f\" data-element_type=\"widget\" data-e-type=\"widget\" data-widget_type=\"text-editor.default\">\n\t\t\t\t<div class=\"elementor-widget-container\">\n\t\t\t\t\t\t\t\t\t<ul><li>bei Bedarf- flexible Pflegezeiten nach Absprache<\/li><li>Betreuungsangebot f\u00fcr Menschen mit dementieller Erkrankung\u00a0<\/li><li>Pflege und Hauswirtschaft\u00a0<\/li><li>\u00dcberleitungspflege- reibungsloser \u00dcbergang vom station\u00e4ren in den ambulanten Bereich<\/li><\/ul>\t\t\t\t\t\t\t\t<\/div>\n\t\t\t\t<\/div>\n\t\t\t\t\t<\/div>\n\t\t<\/div>\n\t\t\t\t\t<\/div>\n\t\t<\/section>\n\t\t\t\t\t<\/div>\n\t\t<\/div>\n\t\t\t\t\t<\/div>\n\t\t<\/section>\n\t\t\t\t<section class=\"elementor-section elementor-top-section elementor-element elementor-element-4616a35 elementor-section-boxed elementor-section-height-default elementor-section-height-default\" data-id=\"4616a35\" data-element_type=\"section\" data-e-type=\"section\">\n\t\t\t\t\t\t<div class=\"elementor-container elementor-column-gap-default\">\n\t\t\t\t\t<div class=\"elementor-column elementor-col-100 elementor-top-column elementor-element elementor-element-7af8be1\" data-id=\"7af8be1\" data-element_type=\"column\" data-e-type=\"column\">\n\t\t\t<div class=\"elementor-widget-wrap elementor-element-populated\">\n\t\t\t\t\t\t<div class=\"elementor-element elementor-element-c61c85a elementor-widget elementor-widget-testimonial\" data-id=\"c61c85a\" data-element_type=\"widget\" data-e-type=\"widget\" data-widget_type=\"testimonial.default\">\n\t\t\t\t<div class=\"elementor-widget-container\">\n\t\t\t\t\t\t\t<div class=\"elementor-testimonial-wrapper\">\n\t\t\t\t\t\t\t<div class=\"elementor-testimonial-content\">Wie beraten Sie in Fragen<\/div>\n\t\t\t\n\t\t\t\t\t<\/div>\n\t\t\t\t\t\t<\/div>\n\t\t\t\t<\/div>\n\t\t\t\t<div class=\"elementor-element elementor-element-d9d6f8c elementor-widget elementor-widget-text-editor\" data-id=\"d9d6f8c\" data-element_type=\"widget\" data-e-type=\"widget\" data-widget_type=\"text-editor.default\">\n\t\t\t\t<div class=\"elementor-widget-container\">\n\t\t\t\t\t\t\t\t\t<p>\u00a0<\/p><ul><li>zur Pflegeversicherung<\/li><li>zur Gestaltung des h\u00e4uslichen Umfeldes<\/li><li>nach dem Krankenhausaufenthalt<\/li><li>zu den Pflegekosten<\/li><li>zu den Hilfsmitteln usw.<\/li><\/ul><p>Die Kosten f\u00fcr die ambulante Pflege \u00fcbernimmt in den meisten F\u00e4llen die Krankenkasse\/ Pflegekasse. Wir sind von allen Kranken- und Pflegekassen anerkannt. Kompetente Beratung durch die Sozialstation ist selbstverst\u00e4ndlich.\u00a0<\/p><p>Wir m\u00f6chten dem alten und kranken Menschen eine Pflege nach seinen Bed\u00fcrfnissen geben, die seine Lebensqualit\u00e4t verbessert, so dass ihm ein sinnvolles Leben zu Hause erm\u00f6glicht wird.\u00a0<br \/>Unser Ziel ist es, den Menschen in den Bereichen zu helfen oder zu f\u00f6rdern, in welchen sie Unterst\u00fctzung ben\u00f6tigen sowie das Vorhandene zu erhalten.\u00a0<\/p>\t\t\t\t\t\t\t\t<\/div>\n\t\t\t\t<\/div>\n\t\t\t\t\t<\/div>\n\t\t<\/div>\n\t\t\t\t\t<\/div>\n\t\t<\/section>\n\t\t\t\t<section class=\"elementor-section elementor-top-section elementor-element elementor-element-a369677 elementor-section-boxed elementor-section-height-default elementor-section-height-default\" data-id=\"a369677\" data-element_type=\"section\" data-e-type=\"section\">\n\t\t\t\t\t\t<div class=\"elementor-container elementor-column-gap-default\">\n\t\t\t\t\t<div class=\"elementor-column elementor-col-100 elementor-top-column elementor-element elementor-element-854ed4e\" data-id=\"854ed4e\" data-element_type=\"column\" data-e-type=\"column\">\n\t\t\t<div class=\"elementor-widget-wrap elementor-element-populated\">\n\t\t\t\t\t\t<div class=\"elementor-element elementor-element-4b82ff5 elementor-widget elementor-widget-testimonial\" data-id=\"4b82ff5\" data-element_type=\"widget\" data-e-type=\"widget\" data-widget_type=\"testimonial.default\">\n\t\t\t\t<div class=\"elementor-widget-container\">\n\t\t\t\t\t\t\t<div class=\"elementor-testimonial-wrapper\">\n\t\t\t\t\t\t\t<div class=\"elementor-testimonial-content\">Wir informieren Sie gerne!<\/div>\n\t\t\t\n\t\t\t\t\t<\/div>\n\t\t\t\t\t\t<\/div>\n\t\t\t\t<\/div>\n\t\t\t\t\t<\/div>\n\t\t<\/div>\n\t\t\t\t\t<\/div>\n\t\t<\/section>\n\t\t\t\t<\/div>\n\t\t","protected":false},"excerpt":{"rendered":"<p>Wir bieten Ihnen&#8230; Kranken-und Altenpflege grundpflegerische Versorgung, aktiverende Pflege Pflegebegutachtungen Pflegekurse 24-Stunden-Pflegenotruf Hauswirtschaftliche Versorgung und Betreuung \u00dcbernahme von Arbeiten im Haushalt (Einkaufen, Kochen, Hausarbeiten) pers\u00f6nliche Betreuung \u00a0 \u00a0 \u00a0 Pflegefachkr\u00e4fte die fachlich abgestimmte und patientenorientierte Pflege in gewohnter h\u00e4uslicher Umgebung leisten. Unser Leistungsangebot beinhaltet die Behandlungspflege nach \u00e4rztlicher Verordnung sowie die Krankenhausvermeidungs- und Krankenhausanschlusspflege.\u00a0 &#8222;Pflege&hellip;<\/p>\n","protected":false},"author":1,"featured_media":0,"parent":0,"menu_order":0,"comment_status":"closed","ping_status":"closed","template":"","meta":{"om_disable_all_campaigns":false,"_monsterinsights_skip_tracking":false,"_monsterinsights_sitenote_active":false,"_monsterinsights_sitenote_note":"","_monsterinsights_sitenote_category":0,"footnotes":""},"class_list":["post-254","page","type-page","status-publish","hentry"],"_links":{"self":[{"href":"https:\/\/sozialstationbretzfeld.de\/index.php\/wp-json\/wp\/v2\/pages\/254","targetHints":{"allow":["GET"]}}],"collection":[{"href":"https:\/\/sozialstationbretzfeld.de\/index.php\/wp-json\/wp\/v2\/pages"}],"about":[{"href":"https:\/\/sozialstationbretzfeld.de\/index.php\/wp-json\/wp\/v2\/types\/page"}],"author":[{"embeddable":true,"href":"https:\/\/sozialstationbretzfeld.de\/index.php\/wp-json\/wp\/v2\/users\/1"}],"replies":[{"embeddable":true,"href":"https:\/\/sozialstationbretzfeld.de\/index.php\/wp-json\/wp\/v2\/comments?post=254"}],"version-history":[{"count":106,"href":"https:\/\/sozialstationbretzfeld.de\/index.php\/wp-json\/wp\/v2\/pages\/254\/revisions"}],"predecessor-version":[{"id":1009,"href":"https:\/\/sozialstationbretzfeld.de\/index.php\/wp-json\/wp\/v2\/pages\/254\/revisions\/1009"}],"wp:attachment":[{"href":"https:\/\/sozialstationbretzfeld.de\/index.php\/wp-json\/wp\/v2\/media?parent=254"}],"curies":[{"name":"wp","href":"https:\/\/api.w.org\/{rel}","templated":true}]}}