{"id":271,"date":"2021-07-24T12:10:18","date_gmt":"2021-07-24T12:10:18","guid":{"rendered":"https:\/\/sozialstationbretzfeld.de\/?page_id=271"},"modified":"2021-08-12T07:18:42","modified_gmt":"2021-08-12T07:18:42","slug":"pflege","status":"publish","type":"page","link":"https:\/\/sozialstationbretzfeld.de\/index.php\/pflege\/","title":{"rendered":"Pflege"},"content":{"rendered":"\t\t<div data-elementor-type=\"wp-page\" data-elementor-id=\"271\" class=\"elementor elementor-271\">\n\t\t\t\t\t\t<section class=\"elementor-section elementor-top-section elementor-element elementor-element-ac69410 elementor-section-boxed elementor-section-height-default elementor-section-height-default\" data-id=\"ac69410\" data-element_type=\"section\" data-e-type=\"section\">\n\t\t\t\t\t\t<div class=\"elementor-container elementor-column-gap-default\">\n\t\t\t\t\t<div class=\"elementor-column elementor-col-100 elementor-top-column elementor-element elementor-element-e18b60b\" data-id=\"e18b60b\" data-element_type=\"column\" data-e-type=\"column\">\n\t\t\t<div class=\"elementor-widget-wrap elementor-element-populated\">\n\t\t\t\t\t\t<div class=\"elementor-element elementor-element-610eba5 elementor-widget elementor-widget-shortcode\" data-id=\"610eba5\" data-element_type=\"widget\" data-e-type=\"widget\" data-widget_type=\"shortcode.default\">\n\t\t\t\t<div class=\"elementor-widget-container\">\n\t\t\t\t\t\t\t<div class=\"elementor-shortcode\"><div class=\"_df_book df-lite\" id=\"df_763\"  _slug=\"\" data-title=\"\" wpoptions=\"true\" thumbtype=\"\" ><\/div><script class=\"df-shortcode-script\" nowprocket type=\"application\/javascript\">window.option_df_763 = {\"outline\":[],\"autoEnableOutline\":\"false\",\"autoEnableThumbnail\":\"false\",\"overwritePDFOutline\":\"false\",\"direction\":\"1\",\"pageSize\":\"0\",\"source\":\"http:\\\/\\\/sozialstationbretzfeld.de\\\/wp-content\\\/uploads\\\/2021\\\/08\\\/Krankenpflegeverein-Bretzfeld-BeitrittserklaerungIMG_20150923_0001_NEW_NEW.pdf\",\"wpOptions\":\"true\"}; if(window.DFLIP && window.DFLIP.parseBooks){window.DFLIP.parseBooks();}<\/script><\/div>\n\t\t\t\t\t\t<\/div>\n\t\t\t\t<\/div>\n\t\t\t\t\t<\/div>\n\t\t<\/div>\n\t\t\t\t\t<\/div>\n\t\t<\/section>\n\t\t\t\t<section class=\"elementor-section elementor-top-section elementor-element elementor-element-9a9aa7e elementor-section-boxed elementor-section-height-default elementor-section-height-default\" data-id=\"9a9aa7e\" data-element_type=\"section\" data-e-type=\"section\" data-settings=\"{&quot;background_background&quot;:&quot;classic&quot;}\">\n\t\t\t\t\t\t<div class=\"elementor-container elementor-column-gap-default\">\n\t\t\t\t\t<div class=\"elementor-column elementor-col-100 elementor-top-column elementor-element elementor-element-d2dadc4\" data-id=\"d2dadc4\" data-element_type=\"column\" data-e-type=\"column\">\n\t\t\t<div class=\"elementor-widget-wrap elementor-element-populated\">\n\t\t\t\t\t\t<div class=\"elementor-element elementor-element-299136c elementor-widget elementor-widget-heading\" data-id=\"299136c\" data-element_type=\"widget\" data-e-type=\"widget\" data-widget_type=\"heading.default\">\n\t\t\t\t<div class=\"elementor-widget-container\">\n\t\t\t\t\t<h2 class=\"elementor-heading-title elementor-size-default\">Wie beraten Sie in Fragen\n\n<\/h2>\t\t\t\t<\/div>\n\t\t\t\t<\/div>\n\t\t\t\t<div class=\"elementor-element elementor-element-7f49670 elementor-widget elementor-widget-text-editor\" data-id=\"7f49670\" data-element_type=\"widget\" data-e-type=\"widget\" data-widget_type=\"text-editor.default\">\n\t\t\t\t<div class=\"elementor-widget-container\">\n\t\t\t\t\t\t\t\t\t<div data-id=\"aee739f\" data-element_type=\"widget\" data-widget_type=\"testimonial.default\">\n<div>\n<div>\n<div><br><\/div>\n<\/div>\n<\/div>\n<\/div>\n<div data-id=\"b60e3b1\" data-element_type=\"widget\" data-widget_type=\"text-editor.default\">\n<div>\n<ul>\n<li>zur Pflegeversicherung<\/li>\n<li>zur Gestaltung des h\u00e4uslichen Umfeldes<\/li>\n<li>nach dem Krankenhausaufenthalt<\/li>\n<li>zu den Pflegekosten<\/li>\n<li>zu den Hilfsmitteln usw.<\/li>\n<\/ul>\n<p>Die Kosten f\u00fcr die ambulante Pflege \u00fcbernimmt in den meisten F\u00e4llen die Krankenkasse\/ Pflegekasse. Wir sind von allen Kranken- und Pflegekassen anerkannt. Kompetente Beratung durch die Sozialstation ist selbstverscht\u00e4ndlich.&nbsp;<\/p>\n<p>Wir m\u00f6chten dem alten und kranken Menschen eine Pflege nach seinen Bed\u00fcrnissen geben, die seine Lebensqulit\u00e4t verbessert, so dass ihm ein sinnvolles Leben zu Hause erm\u00f6glicht wird.&nbsp;<br>Unser Ziel ist es, den Menschen in den Bereichen zu helfen oder zu f\u00f6rdern, in welchen sie Unterst\u00fctzung ben\u00f6tigen sowie das Vorhandene zu erhalten.&nbsp;<\/p>\n<\/div>\n<\/div>\t\t\t\t\t\t\t\t<\/div>\n\t\t\t\t<\/div>\n\t\t\t\t\t<\/div>\n\t\t<\/div>\n\t\t\t\t\t<\/div>\n\t\t<\/section>\n\t\t\t\t<\/div>\n\t\t","protected":false},"excerpt":{"rendered":"<p>Wie beraten Sie in Fragen zur Pflegeversicherung zur Gestaltung des h\u00e4uslichen Umfeldes nach dem Krankenhausaufenthalt zu den Pflegekosten zu den Hilfsmitteln usw. Die Kosten f\u00fcr die ambulante Pflege \u00fcbernimmt in den meisten F\u00e4llen die Krankenkasse\/ Pflegekasse. Wir sind von allen Kranken- und Pflegekassen anerkannt. Kompetente Beratung durch die Sozialstation ist selbstverscht\u00e4ndlich.&nbsp; Wir m\u00f6chten dem alten&hellip;<\/p>\n","protected":false},"author":1,"featured_media":0,"parent":0,"menu_order":0,"comment_status":"closed","ping_status":"closed","template":"","meta":{"om_disable_all_campaigns":false,"_monsterinsights_skip_tracking":false,"_monsterinsights_sitenote_active":false,"_monsterinsights_sitenote_note":"","_monsterinsights_sitenote_category":0,"footnotes":""},"class_list":["post-271","page","type-page","status-publish","hentry"],"_links":{"self":[{"href":"https:\/\/sozialstationbretzfeld.de\/index.php\/wp-json\/wp\/v2\/pages\/271","targetHints":{"allow":["GET"]}}],"collection":[{"href":"https:\/\/sozialstationbretzfeld.de\/index.php\/wp-json\/wp\/v2\/pages"}],"about":[{"href":"https:\/\/sozialstationbretzfeld.de\/index.php\/wp-json\/wp\/v2\/types\/page"}],"author":[{"embeddable":true,"href":"https:\/\/sozialstationbretzfeld.de\/index.php\/wp-json\/wp\/v2\/users\/1"}],"replies":[{"embeddable":true,"href":"https:\/\/sozialstationbretzfeld.de\/index.php\/wp-json\/wp\/v2\/comments?post=271"}],"version-history":[{"count":19,"href":"https:\/\/sozialstationbretzfeld.de\/index.php\/wp-json\/wp\/v2\/pages\/271\/revisions"}],"predecessor-version":[{"id":852,"href":"https:\/\/sozialstationbretzfeld.de\/index.php\/wp-json\/wp\/v2\/pages\/271\/revisions\/852"}],"wp:attachment":[{"href":"https:\/\/sozialstationbretzfeld.de\/index.php\/wp-json\/wp\/v2\/media?parent=271"}],"curies":[{"name":"wp","href":"https:\/\/api.w.org\/{rel}","templated":true}]}}

<div data-elementor-type="wp-page" data-elementor-id="271" class="elementor elementor-271">
						<section class="elementor-section elementor-top-section elementor-element elementor-element-ac69410 elementor-section-boxed elementor-section-height-default elementor-section-height-default" data-id="ac69410" data-element_type="section" data-e-type="section">
						<div class="elementor-container elementor-column-gap-default">
					<div class="elementor-column elementor-col-100 elementor-top-column elementor-element elementor-element-e18b60b" data-id="e18b60b" data-element_type="column" data-e-type="column">
			<div class="elementor-widget-wrap elementor-element-populated">
						<div class="elementor-element elementor-element-610eba5 elementor-widget elementor-widget-shortcode" data-id="610eba5" data-element_type="widget" data-e-type="widget" data-widget_type="shortcode.default">
				<div class="elementor-widget-container">
							<div class="elementor-shortcode"><div class="_df_book df-lite" id="df_763"  _slug="" data-title="" wpoptions="true" thumbtype="" ></div><script class="df-shortcode-script" nowprocket type="application/javascript">window.option_df_763 = {"outline":[],"autoEnableOutline":"false","autoEnableThumbnail":"false","overwritePDFOutline":"false","direction":"1","pageSize":"0","source":"http:\/\/sozialstationbretzfeld.de\/wp-content\/uploads\/2021\/08\/Krankenpflegeverein-Bretzfeld-BeitrittserklaerungIMG_20150923_0001_NEW_NEW.pdf","wpOptions":"true"}; if(window.DFLIP && window.DFLIP.parseBooks){window.DFLIP.parseBooks();}</script></div>
						</div>
				</div>
					</div>
		</div>
					</div>
		</section>
				<section class="elementor-section elementor-top-section elementor-element elementor-element-9a9aa7e elementor-section-boxed elementor-section-height-default elementor-section-height-default" data-id="9a9aa7e" data-element_type="section" data-e-type="section" data-settings="{&quot;background_background&quot;:&quot;classic&quot;}">
						<div class="elementor-container elementor-column-gap-default">
					<div class="elementor-column elementor-col-100 elementor-top-column elementor-element elementor-element-d2dadc4" data-id="d2dadc4" data-element_type="column" data-e-type="column">
			<div class="elementor-widget-wrap elementor-element-populated">
						<div class="elementor-element elementor-element-299136c elementor-widget elementor-widget-heading" data-id="299136c" data-element_type="widget" data-e-type="widget" data-widget_type="heading.default">
				<div class="elementor-widget-container">
					<h2 class="elementor-heading-title elementor-size-default">Wie beraten Sie in Fragen

</h2>				</div>
				</div>
				<div class="elementor-element elementor-element-7f49670 elementor-widget elementor-widget-text-editor" data-id="7f49670" data-element_type="widget" data-e-type="widget" data-widget_type="text-editor.default">
				<div class="elementor-widget-container">
									<div data-id="aee739f" data-element_type="widget" data-widget_type="testimonial.default">
<div>
<div>
<div><br></div>
</div>
</div>
</div>
<div data-id="b60e3b1" data-element_type="widget" data-widget_type="text-editor.default">
<div>
<ul>
<li>zur Pflegeversicherung</li>
<li>zur Gestaltung des häuslichen Umfeldes</li>
<li>nach dem Krankenhausaufenthalt</li>
<li>zu den Pflegekosten</li>
<li>zu den Hilfsmitteln usw.</li>
</ul>
<p>Die Kosten für die ambulante Pflege übernimmt in den meisten Fällen die Krankenkasse/ Pflegekasse. Wir sind von allen Kranken- und Pflegekassen anerkannt. Kompetente Beratung durch die Sozialstation ist selbstverschtändlich.&nbsp;</p>
<p>Wir möchten dem alten und kranken Menschen eine Pflege nach seinen Bedürnissen geben, die seine Lebensqulität verbessert, so dass ihm ein sinnvolles Leben zu Hause ermöglicht wird.&nbsp;<br>Unser Ziel ist es, den Menschen in den Bereichen zu helfen oder zu fördern, in welchen sie Unterstützung benötigen sowie das Vorhandene zu erhalten.&nbsp;</p>
</div>
</div>								</div>
				</div>
					</div>
		</div>
					</div>
		</section>
				</div>

<p>Wie beraten Sie in Fragen zur Pflegeversicherung zur Gestaltung des häuslichen Umfeldes nach dem Krankenhausaufenthalt zu den Pflegekosten zu den Hilfsmitteln usw. Die Kosten für die ambulante Pflege übernimmt in den meisten Fällen die Krankenkasse/ Pflegekasse. Wir sind von allen Kranken- und Pflegekassen anerkannt. Kompetente Beratung durch die Sozialstation ist selbstverschtändlich.&nbsp; Wir möchten dem alten&hellip;</p>
